t a = -16 - 9. Suppose 75 = -3*j + 21. Let c = j - a. List the prime factors of c.
7
Let g(x) be the first derivative of -x**4/4 - 4*x**3/3 + 5*x**2/2 - 6*x - 1. Let s be g(-5). Let j = s - -11. List the prime factors of j.
5
Let t(i) = i**2 - 2*i - 4. What are the prime factors of t(-2)?
2
Let i = -40 - -234. List the prime factors of i.
2, 97
Let p(k) = -8*k - 8. List the prime factors of p(-3).
2
Let q(i) = -3*i - 1. Suppose 0*t + 6 = -3*x - 2*t, -3*t - 7 = 4*x. Let r be q(x). Let g = r + -4. List the prime factors of g.
7
Let w = -9 + 7. Let k(n) = -3*n - 1. Let j be k(w). Let d = 17 - j. What are the prime factors of d?
2, 3
Let b be (-4)/((-4)/(-4 + 8)). Suppose 9 = h - 2*g, -h + 2*g = -2*g - 15. Suppose -b*l + 24 = h*o, -3*o - o = 2*l - 32. List the prime factors of o.
2
Suppose -6*p = 4*o - 3*p - 120, 5*o = -5*p + 145. List the prime factors of o.
3, 11
What are the prime factors of (-328)/(-10) + (1 - 12/15)?
3, 11
Let u(r) be the third derivative of -r**6/6 - r**5/60 - r**4/24 - r**2. What are the prime factors of u(-1)?
2, 5
Let h be (2 - 5)*(-1 + 2). Let l = 4 + h. Suppose -l = g - 13. What are the prime factors of g?
2, 3
What are the prime factors of (-1 + 0)*22/(-1)?
2, 11
Let c(l) = 2*l**2 - 3*l - 1. Let d be c(4). Let o = d + -11. What are the prime factors of o?
2
Let m = -319 - -633. What are the prime factors of m?
2, 157
Let w = 39 + -11. Let g = w - 2. Suppose 5*s - 34 - g = 0. List the prime factors of s.
2, 3
Suppose -5*h = -25, -4*q - 2*h - h = 17. Let u = q - -13. Suppose -17 = -l + 4*g - u, -10 = -l + 3*g. What are the prime factors of l?
2
List the prime factors of 71 + 1 + -3 + (3 - -2).
2, 37
Let o = 60 - 22. What are the prime factors of o?
2, 19
Let r(x) = -x - 4. Let b be r(-11). Let a be (-6)/21 - (-65)/b. Let p = a + 0. What are the prime factors of p?
3
Suppose -2*d - d = 0. Suppose 2*h = 2*c - 32, -4*h - 14 + 2 = d. What are the prime factors of c?
13
Let w be (4/8)/((-2)/(-12)). What are the prime factors of w*(-5)/((-60)/28)?
7
Let t(m) = 2*m**2 + 3*m - 1. Let i be t(-3). Let o(x) = 0*x + 0*x**2 - 8*x + 0*x**2 + x**2 + 10. What are the prime factors of o(i)?
2, 5
Let q = 5 - 7. Let y = 0 - q. Suppose y*f - 18 = f. List the prime factors of f.
2, 3
Suppose l = 5*n - 0*l + 13, -2*n - 3*l = 12. Let v be ((-1)/n)/(2/6). Suppose 0 = -3*a + 25 - v. What are the prime factors of a?
2
Let a(x) = -14*x + 1. List the prime factors of a(-1).
3, 5
Suppose -3*z + 12 + 6 = 0. Suppose c = z*c. Let i = 3 - c. What are the prime factors of i?
3
Let t = 151 + -90. List the prime factors of t.
61
Suppose -5*v + 8 = -v. Suppose -8*u = -y - 4*u + 6, 38 = 4*y - v*u. What are the prime factors of y?
2, 5
Let d = 34 + -51. Let b = -5 - d. List the prime factors of b.
2, 3
Let s(n) = 8*n**2 - 2 - 5*n**3 - 2*n + 6*n**3 - 4*n**2. Let j = -1 + -2. What are the prime factors of s(j)?
13
Let b(y) = -2*y - 1. What are the prime factors of b(-3)?
5
Suppose -3*i - 4*o = -2*i - 2, 4*o = 4*i - 28. What are the prime factors of 57/i + 3/2?
11
Let p(a) = 0*a - 3 + 2 + a + 10*a**2. List the prime factors of p(-2).
37
Let t(h) = -h**3 + 6*h**2 + 7*h + 3. Let y be t(7). Suppose -y*z = -1 - 77. What are the prime factors of z?
2, 13
Let q be 0 + (3 - 3) - 1. Let o = q + 9. List the prime factors of o.
2
Let y(j) = -j - 2. Let s be y(6). Let g = 12 + s. List the prime factors of g.
2
Let x be 4/(-8) - 10/4. Let v = x + 7. What are the prime factors of 19/v + 3/12?
5
Let y(o) = -o**2 + 3*o - 2. Let h be y(2). Suppose h = 2*i + 7*c - 2*c - 15, -c + 3 = -5*i. Suppose 0*l + 3*l - 15 = i. List the prime factors of l.
5
Let f = -4 + 6. What are the prime factors of f?
2
List the prime factors of 3/2 - ((-2268)/(-8))/(-1).
3, 5, 19
Suppose 4*a = 3*a - 3*y - 4, 3*a + 4*y = -2. Let f be a/((-6)/(-207)) - 2. Suppose 5*s - 8 = -5*i + f, -33 = -3*s + 3*i. List the prime factors of s.
13
Suppose 31*z - 27*z = 200. List the prime factors of z.
2, 5
Suppose -2*m + 27 = -m. What are the prime factors of m?
3
Let a be 12*(13/4 + 1). Suppose a = 4*m - m. What are the prime factors of m?
17
Let n(d) = d**2 + 11*d + 12. Let a = 13 - 25. List the prime factors of n(a).
2, 3
Let q(j) = 27*j - 5. Let g be q(5). Let x = g + -82. What are the prime factors of x?
2, 3
What are the prime factors of 1 + 4 + -4 + 149 + -1?
149
Let y be 3/(-1) - (-1 + -6). Suppose y*l - 48 = 16. Suppose -3*m + m = -l. List the prime factors of m.
2
Suppose 0 = z + 6 - 16. List the prime factors of z.
2, 5
Suppose -5*z + 3*z - 64 = -4*b, -z - 2 = 0. List the prime factors of b.
3, 5
Let h(q) = 7*q**2 - q - q - q**2 + 3 + 3*q**2. Let r be h(2). Let g = r - 21. What are the prime factors of g?
2, 7
Let x = -47 + 73. Suppose 22 = 3*j - 4*c, -2*c = -4*j + j + x. List the prime factors of j.
2, 5
Let t = 10 + -7. Suppose t*p - 1 = 5. What are the prime factors of p?
2
Let n(a) be the second derivative of -a**6/120 - a**3/6 + a**2/2 - 2*a. Let l(x) be the first derivative of n(x). What are the prime factors of l(-2)?
7
Let z be 11/(-66) + (-794)/(-12). Suppose -5*g + 4*q - 8 = -89, z = 4*g - 2*q. What are the prime factors of g?
17
Suppose -7 - 5 = -2*m - 3*p, 37 = 5*m + 4*p. List the prime factors of m.
3
Let q(n) = -1 + 1 + 7*n + 6*n. List the prime factors of q(1).
13
Let a be 7 + 1 + -2 - 0. Let w = -49 - -69. What are the prime factors of (-4)/a + w/3?
2, 3
Let f = 15 - 9. Let x(g) = -g**3 + 7*g**2 - 4*g - 10. What are the prime factors of x(f)?
2
Suppose -k - 4*h + h + 11 = 0, -4*h + 8 = -2*k. Suppose -r + 0*r = 5*d + k, 3*r = 3*d + 12. What are the prime factors of r?
3
Suppose -o + 2 + 0 = 0. Let g = 26 + -26. Suppose g = -o*q - 3*q + 55. What are the prime factors of q?
11
Let j be -2 - 0 - (-1 + -3). Suppose -j*i - 1 = -7. List the prime factors of i.
3
Let s(k) be the first derivative of -k**2/2 + 27*k - 8. List the prime factors of s(8).
19
Suppose 0 = -0*x - 2*x - 2*d + 16, 5*x - 36 = -d. Suppose -5 = -t + x. List the prime factors of t.
2, 3
Let h(c) = -6*c + 4. Let s be h(-4). Let l = 14 + s. What are the prime factors of l?
2, 3, 7
Suppose -4*n = u - 49, u + 5*n + 130 = 4*u. Suppose -b - 19 = -x, 2*x + b - u = -x. What are the prime factors of x?
2
Let u be 1 + (-1)/(1/(-17)). Let d be 5 + -4 + (-3 - -2). Suppose d = 5*f + 3 - u. What are the prime factors of f?
3
Suppose 0*t - 11*t = -1221. What are the prime factors of t?
3, 37
Let c(n) = -62*n**3 + 2*n**2 + 2*n + 1. List the prime factors of c(-1).
3, 7
Let q = -88 - -134. What are the prime factors of q?
2, 23
What are the prime factors of 1*(18 + -15)/(2/14)?
3, 7
Let n(t) = -40*t + 12. List the prime factors of n(-2).
2, 23
Let l = -78 + 128. List the prime factors of l.
2, 5
Let o = 4 + 16. Suppose -w + 3*b = -19, -b - 1 - o = -4*w. Suppose 16 = 4*k + 4*a, 50 = 5*k - w*a - a. What are the prime factors of k?
7
Let u = 14 - 9. Let r = 9 + u. List the prime factors of r.
2, 7
Let f(g) be the second derivative of g**4/12 - 3*g**2 + g. Let p be f(0). Let k = p - -14. List the prime factors of k.
2
Suppose 0*k - 13 = -k + 4*m, 15 = 5*k + 5*m. Suppose -k*n = -0*n - 105. What are the prime factors of n?
3, 7
List the prime factors of ((-2)/4)/((-2)/60).
3, 5
Let g(c) = 2*c - 6. Let j(w) = w**2 - 7*w + 5. Suppose z = -3*q + 7, -3*q + 21 = 3*z + q. Let y be j(z). List the prime factors of g(y).
2
Let h(s) = s**3 - 8*s - 21 + 0*s + 31 - s**2 - 5*s**2. Let a be h(7). List the prime factors of 11*(a - 2)*1.
11
Let v = -11 + 33. Let a be v/8 + 1/4. Suppose -3*h + 4*r = -16, 2*h + 0 - 5 = -a*r. What are the prime factors of h?
2
Let v be (0/(-3))/(2/(-1)). Suppose v = 2*g - 6 - 0. List the prime factors of g.
3
Suppose 0 = -3*r - 0 + 6. Let y = r - -1. Suppose -m + y = -9. List the prime factors of m.
2, 3
Suppose -2*o = 2*x - 148, -4*x - 3*o + 301 = -4*o. Suppose p - 30 = 4*y - 10, -5*p = 5*y - x. List the prime factors of p.
2
Let i be (20/15)/(2/3). Let a be i - (-6)/(0 + -3). Suppose a = -0*b - 2*b + 22. List the prime factors of b.
11
Suppose 2*w - 313 - 45 = 0. What are the prime factors of w?
179
Let c(i) = -1 - i + 0 + 16 + 2*i. What are the prime factors of c(-7)?
2
Suppose 4*a + 13 = -p, -3*a + 5 + 4 = -3*p. Let c(s) = -s**3 - 9*s**2 - 8*s + 10. Let j be c(-8). Let o = j - a. What are the prime factors of o?
2, 3
Let r(d) = -